e v(z).
-81
Let n(p) = p**2 + 3*p - 10. Let s(l) = -7*l**2 - 20*l + 79. Let d(i) = 8*n(i) + s(i). Suppose 5*u - 11 = 5*c - 51, 3*c + 11 = -4*u. Give d(u).
4
Let m(k) be the first derivative of k**4/4 + 2*k**3 - 5*k**2 - 2*k + 2010. Calculate m(-7).
19
Let r(j) = -j**2 + j + 2. Let x(g) = 268*g + 1086. Let s be x(-4). Suppose -19 = -3*o - 1. Suppose o*q = 10 + s. What is r(q)?
-10
Let o(n) = -n**3 + 3*n**2 + 10*n - 15. Let m(c) = c**3 - 44*c**2 + 200*c - 190. Let p be m(39). What is o(p)?
-15
Let p(a) = -7*a + 3*a**3 - 21 + 5*a**3 - 7*a**3 - 8*a**2 + 4*a + 38. Determine p(8).
-7
Let i(j) = j**3 + 11*j**2 + 6*j - 43. Suppose 0*c - 29 = 3*g - c, 3*g + 3*c = -33. Let u be i(g). Let k(s) = 3*s + 2. What is k(u)?
-7
Suppose -3*n = -3*k + 21, 787*k + 2*n + 13 = 790*k. Let y(i) = -1 + 1 - 10*i. Calculate y(k).
10
Let s(k) = 2*k**2 - 3*k**2 + 2*k**2 - 1. Let x(q) be the third derivative of q**5/10 - q**4/8 - q**3 + 8*q**2 - 1. Let b(j) = 5*s(j) - x(j). What is b(4)?
-3
Suppose 0 = -15*u + 16*u + 1. Let m(p) be the first derivative of -13*p**3 - p**2/2 - p - 29. Determine m(u).
-39
Let s(h) = 6*h - 13. Let b(a) = 10*a - 2*a + 0*a - 27 + 5*a. Let d(p) = -3*b(p) + 7*s(p). Suppose 18*o - 9251 + 9179 = 0. Give d(o).
2
Let o be ((-2)/3)/((10 + -9)/(-102)). Let f(m) = 65*m - 2 - 5*m**2 + m**3 + 0*m**3 - o*m. What is f(4)?
-30
Let t(i) = -5*i**2 + 8*i + 9. Let a be t(-5). Let h = a - -145. Let y(p) = -9 + 5*p - 4*p - 7 + p**2 + 9*p. What is y(h)?
-5
Suppose -4*s + 2*v = -28, 2*s - 2*v - 13 = 3. Let i(f) = -9*f**2 + 55*f + 10. Give i(s).
16
Let g be (2 - -9 - -1) + -2. Let z(n) = -n**2 + 18*n + 20. Let a be z(18). Let d(v) = -v**3 + 10*v - a + 9*v**2 - 17 + 40. What is d(g)?
3
Suppose -5*y = -x + 6, -3*x + y = -3 + 41. Let b = x - -9. Let w(u) = 0 + 7 - 9*u + 0 + 11*u. Determine w(b).
-3
Let s(i) = -i**3 + 4*i**2 - 2*i - 4. Suppose 37 = -22*x + 81. Suppose g = 2*c + 13 - 4, 4*g - x*c = 18. Give s(g).
-1
Let s(a) = -2*a + 8*a - 3*a - 5*a + a - 7. Let c = 52 - 56. Give s(c).
-3
Let g(r) = -31*r**2 - 185*r + 219. Let c(j) = -5*j**2 - 30*j + 35. Let h(d) = 25*c(d) - 4*g(d). Determine h(-9).
8
Let w(y) = -8*y + 206. Let j = -17857 - -17882. Determine w(j).
6
Let t(n) = -6*n**2 + 3 + 2 - 3*n + n**3 - 4*n. Suppose 32 = 4*u, 4*x - 32 = u - 2*u. What is t(x)?
-37
Suppose -i - 6*j = -j - 12, 0 = 3*j - 6. Let b(g) = -40 + 12 + 12 - g**i + 2*g**2 + 0. Calculate b(0).
-16
Let r(d) = -25*d**2 + 22*d + 98. Let x(h) = 113*h**2 - 89*h - 396. Let q(g) = 9*r(g) + 2*x(g). What is q(-8)?
-6
Let x be (1 + (-20)/(-2) - -2)*67. Let b(m) = -1740 - 4*m + 7*m + 873 + x. Give b(-6).
-14
Let r be 8 - 2 - (-6)/(-6). Suppose 11 - 47 = -6*z. Let s(n) = -4 - n - z*n**3 + 9 + 5*n**2 + 5*n**3. What is s(r)?
0
Let u(g) = 777 + 18*g + g**2 - 771 - 24*g. Let l(o) be the second derivative of -o**3/6 + 3*o**2/2 + 2*o. Let b be l(-3). Determine u(b).
6
Let c(x) = x + 15. Let y = 62 + 445. Suppose -22*l = 17*l + y. Give c(l).
2
Let b = 40 + -38. Let g be (254 - b)/4 + -4. Let m(f) = f**3 + 3*f**2 + 2 - 4 + g*f - 61*f. Give m(-3).
4
Let q(d) = d**3 - 35*d**2 + 287*d - 7. Let u be q(13). Suppose -1 - 5 = -3*s. Let k(m) = 6 - s*m - 4*m**3 + 4*m + 5*m**2 + 3*m**3. Determine k(u).
-18
Let k(g) be the first derivative of -43*g**2/2 - 6*g - 5217. What is k(2)?
-92
Let m(i) = -2*i - 2. Let v = 9 + -4. Suppose 21 = -12*r + v*r. Calculate m(r).
4
Let v = 300141 - 300144. Let z(q) = 4*q + 2 + 4*q**2 - 2*q**2 + 0. Calculate z(v).
8
Suppose 0 = -16*x - 8*x + 48. Let h(j) be the first derivative of -2*j + x*j**2 - 2/3*j**3 + 1/4*j**4 + 3. Give h(2).
6
Let l(m) = m**2 + 14*m - 12. Let g be l(1). Let q(v) be the second derivative of -v**4/12 + v**3/3 + 7*v**2/2 - 56*v + 2. What is q(g)?
4
Let v(s) = 11*s - 34. Let u be -1*10/15 + 1298/354. Give v(u).
-1
Let n(t) be the second derivative of -7*t**3/6 + 30*t**2 + 4432*t. Give n(7).
11
Let m(x) = 1. Let l(o) = -2*o + 9. Let k(q) = l(q) - 6*m(q). Let f = -64 + 69. Give k(f).
-7
Let q(u) be the third derivative of u**4/24 - u**3 - 3*u**2. Let d be ((-34)/391 - (-132)/(-69))*(-6)/3. Give q(d).
-2
Let g(u) = -17*u + 81. Let l(f) = 9*f - 32. Let v(k) = -6*g(k) - 10*l(k). What is v(13)?
-10
Let j(b) = 11*b**2 - 24*b - 14. Let i(n) = -10*n**2 + 24*n + 11. Let l(m) = 9*i(m) + 8*j(m). Calculate l(13).
-39
Let w(g) be the first derivative of -1/4*g**4 + 0*g + 207 + g**2 + g**3. What is w(2)?
8
Let w(u) be the third derivative of u**4/3 - 19*u**3/6 - 5*u**2 - 139. What is w(6)?
29
Let i(n) = -32*n + 6. Suppose 345*p = 445*p + 300. Calculate i(p).
102
Let y be 10/(-3)*(-108)/150*20/12. Let n(g) be the second derivative of 1/2*g**3 + 0*g**2 + 4*g - 1/12*g**y + 0. Give n(3).
0
Suppose -811 = -7*a + 1849. Suppose 345 - a = 7*h. Let w(v) = -v + 3. What is w(h)?
8
Let o be 94/(-18) + (-4)/(-18). Let x(d) be the first derivative of -35 + 5*d + 3*d**2 + 1/3*d**3. Determine x(o).
0
Let q = -138 + 139. Let j(v) = 5 + q + 9*v - 12 + 7. What is j(-2)?
-17
Let s(h) = 3*h - 1. Let t = 302 - 295. Let n(f) = 5*f - 1. Let b(w) = t*s(w) - 6*n(w). What is b(-2)?
17
Let c(y) be the third derivative of -y**6/120 + 9*y**4/8 + 5*y**3/3 + y**2 - 10. Let v be c(-5). Let h(x) = -x**2 + 18. Determine h(v).
18
Let k(c) = -c**2 - 11*c - 32. Let s be k(-4). Let t(d) = d + 12. Calculate t(s).
8
Let l = 168 + -161. Let j(t) = -l - 8 + 17088*t - 17089*t + 1. Give j(-14).
0
Let y(g) = -55*g**2 - 2222 + 18*g + 56*g**2 + 2246. Give y(-16).
-8
Let d(t) = t + 13. Let v be d(-6). Suppose 6*l - 11 = v. Suppose 11 = 4*w + l. Let i(q) = -q**3 + 3*q**2 - 3*q + 1. Calculate i(w).
-1
Let i be (-17)/(-6) - 30/(-180). Let s(o) = 19*o**3 - o + 3 + 0*o - 18*o**i. What is s(0)?
3
Let j(k) = k**2 + 14*k + 10. Let y(a) = 4*a - 91. Let f be y(20). What is j(f)?
-23
Let b(k) = k**3 - 3*k - 4. Let t = 159 + -155. Suppose -y - 4*p + 2 = 3, -4*p = t. What is b(y)?
14
Suppose u - 8 = -t - 4*u, 5*t - 40 = -5*u. Let x(j) be the first derivative of j**2 - 16*j + 28100. Calculate x(t).
0
Suppose -2*m + 5*t = -10, t + 2 = -m - 0*t. Suppose 50*j - 57*j - 35 = m. Let c(s) = -4*s - 7. Determine c(j).
13
Let z be -2*1/10 + 530/25. Let o be (z/14 - 1)/((-1)/(-2)). Let w(y) = -4*y + y - o + y. Give w(-7).
13
Let q(l) be the second derivative of -l**3/2 + 12*l**2 + 10*l. Let h be q(9). Let w be 3*((-1)/h - 1). Let v(g) = g**2 - 3*g - 3. Calculate v(w).
7
Let j(z) be the second derivative of z**5/60 - 3*z**4/8 - 3*z**3/2 - 15*z**2/2 + 61*z. Let q(r) be the first derivative of j(r). Give q(7).
-23
Let s(g) = 4*g - 12*g + 62 - 44 + g**2 - 30. Calculate s(0).
-12
Let g(y) = 2*y - 7. Let r(a) = -2*a - 2. Let w be -1 - (0 - (4 - 0)). Let h be r(w). Let k = -2 - h. Give g(k).
5
Let g(p) be the second derivative of -p**3/2 + 7*p**2 - 26*p + 2. Let r(a) = -5*a + 28. Let u(i) = 7*g(i) - 4*r(i). What is u(-12)?
-2
Let r(f) = -5*f. Let c = -41 + 87. Let y = 21 - c. Let p be 6/(-10) + 10/y. Calculate r(p).
5
Let f be (-11 - 350/(-30))/(4/918). Let m = f - 143. Let c(b) = b**2 - 9*b - 6. Give c(m).
4
Let k(d) = -12*d**2 - 19*d - 18. Let h(l) = 127*l**2 + 192*l + 182. Let o(w) = 2*h(w) + 21*k(w). Determine o(8).
-6
Let l(k) be the first derivative of -k**4/24 - k**3/6 - k**2 - 51*k - 92. Let h(d) be the second derivative of l(d). Calculate h(-1).
0
Suppose 18*r - 12 = d + 14*r, 2*d - 4*r + 16 = 0. Let p(c) = c + 5. Give p(d).
1
Suppose 2*g + 3 - 5 = 0, 3*j = -4*g + 25. Let s(p) = j*p + p**3 + 4 + 5*p**2 - 4*p**2 - 2*p**2 - 6*p. Let r = -3 + 3. Calculate s(r).
4
Suppose d + 0*d = 2*d. Suppose -5*y + 1 = -u + 2*u, u - y - 19 = d. Let c be (-3)/2 - 40/u. Let p(j) = -j**2 - 4*j + 4. Give p(c).
4
Let a(d) = -d**2 + 5. Let m(s) = 6*s**2 - 2*s - 23. Let i(u) = -5*a(u) - m(u). Determine i(2).
-2
Let s = 616 + 62. Let k(z) = z + s - 678. Suppose -h - 3*g = 20, 4*h - 2*g = -7*g - 45. Calculate k(h).
-5
Let h(u) = 3*u - 2. Let q = -446 + 449. Let l(c) = c**2 + 40*c - 123. Let i be l(q). Calculate h(i).
16
Let x = -16530 - -16545. Let l(u) = 3*u - 53. What is l(x)?
-8
Let l(s) = -s + 17. Let h(j) = -8*j + 234. Let t be h(25). Suppose 6 = 2*g - 4*z, -2*g - 16*z + t = -13*z. Determine l(g).
6
Let a(r) = -156 + 85 + 4*r + 5*r + 54. Give a(7).
46
Let l(c) = -c**2 - 6*c. Suppose -54*f - 72 = -42*f. Determine l(f).
0
Let n(o) = -4*o + 7. Let s be n(-4). Suppose -3*a + s = 2*t, 